{"id":401,"date":"2021-11-01T11:30:50","date_gmt":"2021-11-01T11:30:50","guid":{"rendered":"https:\/\/demo.athemes.com\/sydney-main\/?page_id=401"},"modified":"2026-02-19T06:12:31","modified_gmt":"2026-02-19T06:12:31","slug":"sobre-nosotros","status":"publish","type":"page","link":"https:\/\/losrinconcitos.com\/index.php\/sobre-nosotros\/","title":{"rendered":"Sobre nosotros"},"content":{"rendered":"\t\t<div data-elementor-type=\"wp-page\" data-elementor-id=\"401\" class=\"elementor elementor-401\">\n\t\t\t\t<div class=\"elementor-element elementor-element-f7e8936 e-flex e-con-boxed e-con e-parent\" data-id=\"f7e8936\" data-element_type=\"container\">\n\t\t\t\t\t<div class=\"e-con-inner\">\n\t\t<div class=\"elementor-element elementor-element-6b56973 e-con-full e-flex e-con e-child\" data-id=\"6b56973\" data-element_type=\"container\">\n\t\t\t\t<div class=\"elementor-element elementor-element-196df33 elementor-widget elementor-widget-heading\" data-id=\"196df33\" data-element_type=\"widget\" data-widget_type=\"heading.default\">\n\t\t\t\t\t<h3 class=\"elementor-heading-title elementor-size-default\">Los Rinconcitos: peque\u00f1os espacios para grandes momentos<\/h3>\t\t\t\t<\/div>\n\t\t\t\t<div class=\"elementor-element elementor-element-64a2532 elementor-widget elementor-widget-text-editor\" data-id=\"64a2532\" data-element_type=\"widget\" data-widget_type=\"text-editor.default\">\n\t\t\t\t\t\t\t\t\t<p><strong>\u201cDescansa, disfruta y si\u00e9ntete como en casa.\u201d<\/strong><\/p><p><em>Los Rinconcitos<\/em>nacieron con un sue\u00f1o muy sencillo pero muy nuestro: crear peque\u00f1os lugares llenos de encanto donde cualquiera pueda sentirse realmente en casa, incluso estando lejos de la suya. Creemos que viajar no es solo descubrir nuevos rincones, sino reencontrarse, regalarse tiempo y coleccionar recuerdos que se quedan para siempre.<\/p><p>Cada uno de nuestros espacios \u2014en <strong>Foz, B\u00e9jar y Huertas<\/strong>\u2014 est\u00e1 dise\u00f1ado para disfrutar de escapadas tranquilas, d\u00edas de aventuras o momentos de puro relax. Son rinconcitos peque\u00f1os, acogedores, pensados para que puedas vivirlos a tu ritmo: desde el silencio de una ma\u00f1ana lenta hasta la emoci\u00f3n de un d\u00eda lleno de planes.<\/p><p>Cuidamos cada detalle, grande o peque\u00f1o, para que cuando abras la puerta sientas alivio, comodidad y esa calidez que solo tienen los lugares que abrazan.\u2026 todo est\u00e1 pensado para que tu estancia sea algo m\u00e1s que una visita: sea una experiencia.<\/p><p>Porque cada viaje merece convertirse en una historia bonita.<br \/><strong>Nosotros ponemos El Rinconcito. T\u00fa pones las ganas de disfrutar.<\/strong><\/p>\t\t\t\t\t\t\t\t<\/div>\n\t\t\t\t<\/div>\n\t\t<div class=\"elementor-element elementor-element-827191f e-con-full e-flex e-con e-child\" data-id=\"827191f\" data-element_type=\"container\">\n\t\t\t\t<div class=\"elementor-element elementor-element-2f2bff9 elementor-widget elementor-widget-image\" data-id=\"2f2bff9\" data-element_type=\"widget\" data-widget_type=\"image.default\">\n\t\t\t\t\t\t\t\t\t\t\t\t\t\t\t<img fetchpriority=\"high\" decoding=\"async\" width=\"500\" height=\"500\" src=\"http:\/\/losrinconcitos.com\/wp-content\/uploads\/2025\/11\/Diseno-sin-titulo2.jpg\" class=\"attachment-large size-large wp-image-1032\" alt=\"\" srcset=\"http:\/\/losrinconcitos.com\/wp-content\/uploads\/2025\/11\/Diseno-sin-titulo2.jpg 500w, http:\/\/losrinconcitos.com\/wp-content\/uploads\/2025\/11\/Diseno-sin-titulo2-300x300.jpg 300w, http:\/\/losrinconcitos.com\/wp-content\/uploads\/2025\/11\/Diseno-sin-titulo2-150x150.jpg 150w, http:\/\/losrinconcitos.com\/wp-content\/uploads\/2025\/11\/Diseno-sin-titulo2-230x230.jpg 230w, http:\/\/losrinconcitos.com\/wp-content\/uploads\/2025\/11\/Diseno-sin-titulo2-350x350.jpg 350w, http:\/\/losrinconcitos.com\/wp-content\/uploads\/2025\/11\/Diseno-sin-titulo2-480x480.jpg 480w\" sizes=\"(max-width: 500px) 100vw, 500px\" \/>\t\t\t\t\t\t\t\t\t\t\t\t\t\t\t<\/div>\n\t\t\t\t<\/div>\n\t\t\t\t\t<\/div>\n\t\t\t\t<\/div>\n\t\t<div class=\"elementor-element elementor-element-f0efb4b e-flex e-con-boxed e-con e-parent\" data-id=\"f0efb4b\" data-element_type=\"container\" data-settings=\"{&quot;background_background&quot;:&quot;classic&quot;}\">\n\t\t\t\t\t<div class=\"e-con-inner\">\n\t\t<div class=\"elementor-element elementor-element-042cedb e-con-full e-flex e-con e-child\" data-id=\"042cedb\" data-element_type=\"container\">\n\t\t\t\t<div class=\"elementor-element elementor-element-8587a0e elementor-widget elementor-widget-image\" data-id=\"8587a0e\" data-element_type=\"widget\" data-widget_type=\"image.default\">\n\t\t\t\t\t\t\t\t\t\t\t\t\t\t\t<img fetchpriority=\"high\" decoding=\"async\" width=\"500\" height=\"500\" src=\"http:\/\/losrinconcitos.com\/wp-content\/uploads\/2025\/11\/Diseno-sin-titulo2.jpg\" class=\"attachment-large size-large wp-image-1032\" alt=\"\" srcset=\"http:\/\/losrinconcitos.com\/wp-content\/uploads\/2025\/11\/Diseno-sin-titulo2.jpg 500w, http:\/\/losrinconcitos.com\/wp-content\/uploads\/2025\/11\/Diseno-sin-titulo2-300x300.jpg 300w, http:\/\/losrinconcitos.com\/wp-content\/uploads\/2025\/11\/Diseno-sin-titulo2-150x150.jpg 150w, http:\/\/losrinconcitos.com\/wp-content\/uploads\/2025\/11\/Diseno-sin-titulo2-230x230.jpg 230w, http:\/\/losrinconcitos.com\/wp-content\/uploads\/2025\/11\/Diseno-sin-titulo2-350x350.jpg 350w, http:\/\/losrinconcitos.com\/wp-content\/uploads\/2025\/11\/Diseno-sin-titulo2-480x480.jpg 480w\" sizes=\"(max-width: 500px) 100vw, 500px\" \/>\t\t\t\t\t\t\t\t\t\t\t\t\t\t\t<\/div>\n\t\t\t\t<\/div>\n\t\t<div class=\"elementor-element elementor-element-0f4c9b1 e-con-full e-flex e-con e-child\" data-id=\"0f4c9b1\" data-element_type=\"container\">\n\t\t\t\t<div class=\"elementor-element elementor-element-cba65e8 elementor-widget elementor-widget-heading\" data-id=\"cba65e8\" data-element_type=\"widget\" data-widget_type=\"heading.default\">\n\t\t\t\t\t<h2 class=\"elementor-heading-title elementor-size-default\">Descubre nuestras experiencias<\/h2>\t\t\t\t<\/div>\n\t\t\t\t<div class=\"elementor-element elementor-element-86b22c8 elementor-widget elementor-widget-heading\" data-id=\"86b22c8\" data-element_type=\"widget\" data-widget_type=\"heading.default\">\n\t\t\t\t\t<h6 class=\"elementor-heading-title elementor-size-default\">01<\/h6>\t\t\t\t<\/div>\n\t\t\t\t<div class=\"elementor-element elementor-element-cdefd10 elementor-widget elementor-widget-text-editor\" data-id=\"cdefd10\" data-element_type=\"widget\" data-widget_type=\"text-editor.default\">\n\t\t\t\t\t\t\t\t\t<p><strong>Foz:<\/strong> rinconcito \u00fanico donde despertarse con el sonido de las olas y el aroma del mar. Aqu\u00ed el mar acaricia la tierra.<\/p>\t\t\t\t\t\t\t\t<\/div>\n\t\t\t\t<div class=\"elementor-element elementor-element-3514aaf elementor-widget elementor-widget-heading\" data-id=\"3514aaf\" data-element_type=\"widget\" data-widget_type=\"heading.default\">\n\t\t\t\t\t<h6 class=\"elementor-heading-title elementor-size-default\">02<\/h6>\t\t\t\t<\/div>\n\t\t\t\t<div class=\"elementor-element elementor-element-81af06f elementor-widget elementor-widget-text-editor\" data-id=\"81af06f\" data-element_type=\"widget\" data-widget_type=\"text-editor.default\">\n\t\t\t\t\t\t\t\t\t<p><strong>Bejar:<\/strong> rinconcito en la Sierra de Francia, donde se dan la mano el encanto, la naturaleza y la tradici\u00f3n.<\/p>\t\t\t\t\t\t\t\t<\/div>\n\t\t\t\t<div class=\"elementor-element elementor-element-5aa3b9d elementor-widget elementor-widget-heading\" data-id=\"5aa3b9d\" data-element_type=\"widget\" data-widget_type=\"heading.default\">\n\t\t\t\t\t<h6 class=\"elementor-heading-title elementor-size-default\">03<\/h6>\t\t\t\t<\/div>\n\t\t\t\t<div class=\"elementor-element elementor-element-ba8e04c elementor-widget elementor-widget-text-editor\" data-id=\"ba8e04c\" data-element_type=\"widget\" data-widget_type=\"text-editor.default\">\n\t\t\t\t\t\t\t\t\t<p><strong>Huertas:<\/strong> rinconcito en el centro de Madrid para que disfrutes en cada esquina de la esencia madrile\u00f1a y su historia.<\/p>\t\t\t\t\t\t\t\t<\/div>\n\t\t\t\t<\/div>\n\t\t\t\t\t<\/div>\n\t\t\t\t<\/div>\n\t\t<div class=\"elementor-element elementor-element-38c29db e-flex e-con-boxed e-con e-parent\" data-id=\"38c29db\" data-element_type=\"container\">\n\t\t\t\t\t<div class=\"e-con-inner\">\n\t\t<div class=\"elementor-element elementor-element-511b1ba e-con-full e-flex e-con e-child\" data-id=\"511b1ba\" data-element_type=\"container\">\n\t\t<div class=\"elementor-element elementor-element-ecd5b90 e-con-full e-flex e-con e-child\" data-id=\"ecd5b90\" data-element_type=\"container\">\n\t\t<div class=\"elementor-element elementor-element-06669f7 e-con-full e-flex e-con e-child\" data-id=\"06669f7\" data-element_type=\"container\">\n\t\t\t\t<div class=\"elementor-element elementor-element-60df186 elementor-widget elementor-widget-heading\" data-id=\"60df186\" data-element_type=\"widget\" data-widget_type=\"heading.default\">\n\t\t\t\t\t<h2 class=\"elementor-heading-title elementor-size-default\">Riconcitos para so\u00f1ar<\/h2>\t\t\t\t<\/div>\n\t\t\t\t<div class=\"elementor-element elementor-element-c7820fe elementor-widget elementor-widget-text-editor\" data-id=\"c7820fe\" data-element_type=\"widget\" data-widget_type=\"text-editor.default\">\n\t\t\t\t\t\t\t\t\t<p>Donde la realidad se detiene para dejar paso a la fantas\u00eda y la magia. Todo lo que imaginas lo puedes encontrar aqu\u00ed.<\/p>\t\t\t\t\t\t\t\t<\/div>\n\t\t\t\t<\/div>\n\t\t<div class=\"elementor-element elementor-element-2342210 e-con-full e-flex e-con e-child\" data-id=\"2342210\" data-element_type=\"container\">\n\t\t\t\t<\/div>\n\t\t\t\t<\/div>\n\t\t<div class=\"elementor-element elementor-element-b6eb70a e-con-full e-flex e-con e-child\" data-id=\"b6eb70a\" data-element_type=\"container\">\n\t\t<div class=\"elementor-element elementor-element-0dcb48f e-con-full e-flex e-con e-child\" data-id=\"0dcb48f\" data-element_type=\"container\">\n\t\t\t\t<div class=\"elementor-element elementor-element-e0d9cd6 elementor-widget elementor-widget-image\" data-id=\"e0d9cd6\" data-element_type=\"widget\" data-widget_type=\"image.default\">\n\t\t\t\t\t\t\t\t\t\t\t\t\t\t\t<img fetchpriority=\"high\" decoding=\"async\" width=\"500\" height=\"500\" src=\"http:\/\/losrinconcitos.com\/wp-content\/uploads\/2025\/11\/Diseno-sin-titulo2.jpg\" class=\"attachment-large size-large wp-image-1032\" alt=\"\" srcset=\"http:\/\/losrinconcitos.com\/wp-content\/uploads\/2025\/11\/Diseno-sin-titulo2.jpg 500w, http:\/\/losrinconcitos.com\/wp-content\/uploads\/2025\/11\/Diseno-sin-titulo2-300x300.jpg 300w, http:\/\/losrinconcitos.com\/wp-content\/uploads\/2025\/11\/Diseno-sin-titulo2-150x150.jpg 150w, http:\/\/losrinconcitos.com\/wp-content\/uploads\/2025\/11\/Diseno-sin-titulo2-230x230.jpg 230w, http:\/\/losrinconcitos.com\/wp-content\/uploads\/2025\/11\/Diseno-sin-titulo2-350x350.jpg 350w, http:\/\/losrinconcitos.com\/wp-content\/uploads\/2025\/11\/Diseno-sin-titulo2-480x480.jpg 480w\" sizes=\"(max-width: 500px) 100vw, 500px\" \/>\t\t\t\t\t\t\t\t\t\t\t\t\t\t\t<\/div>\n\t\t\t\t<\/div>\n\t\t<div class=\"elementor-element elementor-element-a8b39f7 e-con-full e-flex e-con e-child\" data-id=\"a8b39f7\" data-element_type=\"container\">\n\t\t\t\t<div class=\"elementor-element elementor-element-95da422 elementor-widget elementor-widget-image\" data-id=\"95da422\" data-element_type=\"widget\" data-widget_type=\"image.default\">\n\t\t\t\t\t\t\t\t\t\t\t\t\t\t\t<img decoding=\"async\" width=\"1024\" height=\"1024\" src=\"http:\/\/losrinconcitos.com\/wp-content\/uploads\/2025\/11\/logo-rinconcitos-negro.jpeg\" class=\"attachment-large size-large wp-image-1047\" alt=\"\" srcset=\"http:\/\/losrinconcitos.com\/wp-content\/uploads\/2025\/11\/logo-rinconcitos-negro.jpeg 1024w, http:\/\/losrinconcitos.com\/wp-content\/uploads\/2025\/11\/logo-rinconcitos-negro-300x300.jpeg 300w, http:\/\/losrinconcitos.com\/wp-content\/uploads\/2025\/11\/logo-rinconcitos-negro-150x150.jpeg 150w, http:\/\/losrinconcitos.com\/wp-content\/uploads\/2025\/11\/logo-rinconcitos-negro-768x768.jpeg 768w, http:\/\/losrinconcitos.com\/wp-content\/uploads\/2025\/11\/logo-rinconcitos-negro-1000x1000.jpeg 1000w, http:\/\/losrinconcitos.com\/wp-content\/uploads\/2025\/11\/logo-rinconcitos-negro-230x230.jpeg 230w, http:\/\/losrinconcitos.com\/wp-content\/uploads\/2025\/11\/logo-rinconcitos-negro-350x350.jpeg 350w, http:\/\/losrinconcitos.com\/wp-content\/uploads\/2025\/11\/logo-rinconcitos-negro-480x480.jpeg 480w\" sizes=\"(max-width: 1024px) 100vw, 1024px\" \/>\t\t\t\t\t\t\t\t\t\t\t\t\t\t\t<\/div>\n\t\t\t\t<\/div>\n\t\t<div class=\"elementor-element elementor-element-4fee0fc e-con-full e-flex e-con e-child\" data-id=\"4fee0fc\" data-element_type=\"container\">\n\t\t\t\t<div class=\"elementor-element elementor-element-d5a0ad5 elementor-widget elementor-widget-image\" data-id=\"d5a0ad5\" data-element_type=\"widget\" data-widget_type=\"image.default\">\n\t\t\t\t\t\t\t\t\t\t\t\t\t\t\t<img fetchpriority=\"high\" decoding=\"async\" width=\"500\" height=\"500\" src=\"http:\/\/losrinconcitos.com\/wp-content\/uploads\/2025\/11\/Diseno-sin-titulo2.jpg\" class=\"attachment-large size-large wp-image-1032\" alt=\"\" srcset=\"http:\/\/losrinconcitos.com\/wp-content\/uploads\/2025\/11\/Diseno-sin-titulo2.jpg 500w, http:\/\/losrinconcitos.com\/wp-content\/uploads\/2025\/11\/Diseno-sin-titulo2-300x300.jpg 300w, http:\/\/losrinconcitos.com\/wp-content\/uploads\/2025\/11\/Diseno-sin-titulo2-150x150.jpg 150w, http:\/\/losrinconcitos.com\/wp-content\/uploads\/2025\/11\/Diseno-sin-titulo2-230x230.jpg 230w, http:\/\/losrinconcitos.com\/wp-content\/uploads\/2025\/11\/Diseno-sin-titulo2-350x350.jpg 350w, http:\/\/losrinconcitos.com\/wp-content\/uploads\/2025\/11\/Diseno-sin-titulo2-480x480.jpg 480w\" sizes=\"(max-width: 500px) 100vw, 500px\" \/>\t\t\t\t\t\t\t\t\t\t\t\t\t\t\t<\/div>\n\t\t\t\t<\/div>\n\t\t\t\t<\/div>\n\t\t\t\t<\/div>\n\t\t\t\t\t<\/div>\n\t\t\t\t<\/div>\n\t\t<div class=\"elementor-element elementor-element-27d67cc e-flex e-con-boxed e-con e-parent\" data-id=\"27d67cc\" data-element_type=\"container\" data-settings=\"{&quot;background_background&quot;:&quot;classic&quot;}\">\n\t\t\t\t\t<div class=\"e-con-inner\">\n\t\t<div class=\"elementor-element elementor-element-90975b7 e-con-full e-flex e-con e-child\" data-id=\"90975b7\" data-element_type=\"container\">\n\t\t\t\t<div class=\"elementor-element elementor-element-07ed396 elementor-widget elementor-widget-heading\" data-id=\"07ed396\" data-element_type=\"widget\" data-widget_type=\"heading.default\">\n\t\t\t\t\t<h2 class=\"elementor-heading-title elementor-size-default\">Los Rinconcitos no son s\u00f3lo un lugar donde alojarse<\/h2>\t\t\t\t<\/div>\n\t\t\t\t<\/div>\n\t\t<div class=\"elementor-element elementor-element-731fd5c e-con-full e-flex e-con e-child\" data-id=\"731fd5c\" data-element_type=\"container\">\n\t\t\t\t<div class=\"elementor-element elementor-element-5477264 elementor-align-right elementor-mobile-align-center elementor-widget elementor-widget-button\" data-id=\"5477264\" data-element_type=\"widget\" data-widget_type=\"button.default\">\n\t\t\t\t\t\t\t\t\t\t<a class=\"elementor-button elementor-button-link elementor-size-sm\" href=\"https:\/\/losrinconcitos.com\/index.php\/contacto\/\">\n\t\t\t\t\t\t<span class=\"elementor-button-content-wrapper\">\n\t\t\t\t\t\t\t\t\t<span class=\"elementor-button-text\">Preg\u00fantanos<\/span>\n\t\t\t\t\t<\/span>\n\t\t\t\t\t<\/a>\n\t\t\t\t\t\t\t\t<\/div>\n\t\t\t\t<\/div>\n\t\t\t\t\t<\/div>\n\t\t\t\t<\/div>\n\t\t\t\t<\/div>\n\t\t","protected":false},"excerpt":{"rendered":"<p>Los Rinconcitos: peque\u00f1os espacios para grandes momentos \u201cDescansa, disfruta y si\u00e9ntete como en casa.\u201d Los Rinconcitosnacieron con un sue\u00f1o muy sencillo pero [&hellip;]<\/p>\n","protected":false},"author":1,"featured_media":0,"parent":0,"menu_order":0,"comment_status":"closed","ping_status":"closed","template":"page-templates\/page_front-page.php","meta":{"footnotes":""},"class_list":["post-401","page","type-page","status-publish","hentry"],"_links":{"self":[{"href":"https:\/\/losrinconcitos.com\/index.php\/wp-json\/wp\/v2\/pages\/401","targetHints":{"allow":["GET"]}}],"collection":[{"href":"https:\/\/losrinconcitos.com\/index.php\/wp-json\/wp\/v2\/pages"}],"about":[{"href":"https:\/\/losrinconcitos.com\/index.php\/wp-json\/wp\/v2\/types\/page"}],"author":[{"embeddable":true,"href":"https:\/\/losrinconcitos.com\/index.php\/wp-json\/wp\/v2\/users\/1"}],"replies":[{"embeddable":true,"href":"https:\/\/losrinconcitos.com\/index.php\/wp-json\/wp\/v2\/comments?post=401"}],"version-history":[{"count":37,"href":"https:\/\/losrinconcitos.com\/index.php\/wp-json\/wp\/v2\/pages\/401\/revisions"}],"predecessor-version":[{"id":1526,"href":"https:\/\/losrinconcitos.com\/index.php\/wp-json\/wp\/v2\/pages\/401\/revisions\/1526"}],"wp:attachment":[{"href":"https:\/\/losrinconcitos.com\/index.php\/wp-json\/wp\/v2\/media?parent=401"}],"curies":[{"name":"wp","href":"https:\/\/api.w.org\/{rel}","templated":true}]}}